.
30
Let b(n) = n**3 + 9*n**2 - 74*n - 45. Give b(-14).
11
Let d(g) = -16*g + 50. Give d(4).
-14
Let q(p) = -2*p**2 + 5*p + 30. What is q(7)?
-33
Let l(t) = 16*t + 128. Determine l(-9).
-16
Let x(n) = 5*n**2 - 3*n + 4. Give x(2).
18
Let u(g) = -2*g**3 - 28*g**2 - 65*g + 11. What is u(-11)?
0
Let g(v) = -2*v - 50. What is g(-30)?
10
Let c(j) = -3*j - 51. Give c(-17).
0
Let t(v) = -v**2 + 24*v - 53. What is t(19)?
42
Let g(c) = 4*c**2 + 55*c + 37. Calculate g(-13).
-2
Let q(t) = -t**3 - 12*t**2 - 10*t + 7. Give q(-11).
-4
Let u(f) = -9*f**2 - 6*f - 5. Determine u(-1).
-8
Let b(w) = 49*w**2 + 1. Calculate b(1).
50
Let z(l) = -2*l**2 - 28*l + 21. What is z(-15)?
-9
Let p(k) = -k**3 + 2*k**2 + 5*k - 2. Calculate p(3).
4
Let l(a) = 17*a - 11. What is l(3)?
40
Let b(l) = l**2 + l - 2. Calculate b(4).
18
Let x(p) = -24*p - 3. Calculate x(-2).
45
Let a(l) = -l**3 - 27*l**2 - 28*l - 52. What is a(-26)?
0
Let a(k) = 49*k + 245. Give a(-6).
-49
Let l(q) = q**2 - 20*q + 80. Calculate l(12).
-16
Let o(w) = -w**3 + 16*w**2 - 14*w - 18. Give o(15).
-3
Let i(g) = 8*g**2 - 3*g - 9. Give i(-3).
72
Let d(x) = x**3 + 11*x**2 - 26*x + 15. Calculate d(-13).
15
Let o(i) = -i**3 - 5*i**2 + 28*i - 28. What is o(-9)?
44
Let m(c) = 4*c + 4. Give m(5).
24
Let q(x) = -3*x**2 - 6*x + 16. Give q(3).
-29
Let p(v) = -v**2 - 6*v + 162. Determine p(10).
2
Let k(p) = p**3 + 11*p**2 + 26*p - 13. Give k(-5).
7
Let s(x) = -3*x - 80. What is s(-34)?
22
Let f(w) = 10*w + 12. What is f(1)?
22
Let l(c) = -c**3 - 30*c**2 + 33*c + 42. Give l(-31).
-20
Let y(t) = 44*t - 356. Calculate y(8).
-4
Let w(b) = b**2 + 11*b - 1. What is w(-5)?
-31
Let j(n) = -3*n + 4. What is j(9)?
-23
Let o(w) = w**3 + 6*w**2 + 14*w + 6. Calculate o(-4).
-18
Let g(v) = -v**2 + 5*v + 1. Determine g(3).
7
Let x(b) = -b**2 + 5*b - 8. Calculate x(4).
-4
Let f(w) = -35*w - 52. What is f(4)?
-192
Let c(i) = -i**2 - 6*i - 12. What is c(-15)?
-147
Let f(v) = v**3 + 4*v**2 - 3*v - 6. Calculate f(-5).
-16
Let c(n) = -15*n + 4. Calculate c(9).
-131
Let k(q) = q**2 + 8*q - 15. Determine k(-12).
33
Let r(f) = f**2 - 10*f + 8. Calculate r(9).
-1
Let m(b) = 19*b. Determine m(-1).
-19
Let i(n) = 8*n + 158. Give i(-19).
6
Let f(d) = -d**3 - 7*d**2 - 5*d + 18. Calculate f(-6).
12
Let p(f) = -2*f**3 + f**2 + 2*f - 3. Determine p(3).
-42
Let n(p) = p**2 - 71*p + 508. Give n(63).
4
Let k(q) = 53*q**3 - 2*q**2 + 2. What is k(-1)?
-53
Let j(q) = 2*q**3 + 2*q**2 - 4*q + 1. Give j(1).
1
Let j(d) = -2*d**3 + 3*d**2 + 7*d - 2. What is j(3)?
-8
Let o(q) = 9*q - 3. What is o(-1)?
-12
Let y(b) = b**3 - 7*b**2 - 168*b - 39. Give y(17).
-5
Let r(u) = -4*u + 150. Determine r(37).
2
Let t(i) = 2*i**2 - 5*i + 4. What is t(2)?
2
Let y(z) = z**3 - 19*z**2 + 2*z - 32. Give y(19).
6
Let n(h) = 2*h**2 + 7*h - 96. Determine n(-9).
3
Let i(w) = -w**3 - 8*w**2 + 6*w + 27. Calculate i(-8).
-21
Let b(u) = -2*u + 9. Calculate b(0).
9
Let v(o) = -4*o - 7. What is v(-3)?
5
Let k(n) = -8*n + 18. Give k(5).
-22
Let z(y) = -19*y - 9. Determine z(0).
-9
Let a(s) = 122*s - 495. Calculate a(4).
-7
Let a(p) = 23*p**2 + p. Give a(1).
24
Let o(g) = 10*g + 1. What is o(-3)?
-29
Let b(r) = 7*r - 3. What is b(9)?
60
Let l(g) = -g**3 - g**2 + 34*g - 25. Determine l(5).
-5
Let p(x) = x**2 - 19*x - 6. Calculate p(19).
-6
Let i(d) = d**3 - 18*d**2 - 20*d + 19. Give i(19).
0
Let a(p) = -p**3 + 13*p**2 - 23*p - 13. Determine a(11).
-24
Let l(s) = -5*s + 24. Determine l(9).
-21
Let w(i) = -i - 1. Calculate w(20).
-21
Let c(s) = -s**3 - 13*s**2 - 12*s - 18. Give c(-12).
-18
Let z(i) = 4*i + 3. Determine z(-3).
-9
Let j(h) = -6*h**2 + h - 4. Give j(3).
-55
Let v(x) = -2*x - 23. Determine v(-7).
-9
Let i(u) = 106*u**2 - 3*u - 3. Determine i(-1).
106
Let u(q) = 20*q + 5. What is u(-2)?
-35
Let f(w) = -2*w**3 - 15*w**2 + w + 15. Give f(-7).
-41
Let b(w) = -2*w**2 + 19*w + 5. What is b(10)?
-5
Let c(r) = -3*r - 22. Give c(0).
-22
Let b(u) = -4*u + 3. What is b(-3)?
15
Let i(q) = -4*q + 53. Determine i(-4).
69
Let k(x) = -x**3 - 5*x**2 + 18*x - 49. Give k(-8).
-1
Let r(w) = 2*w - 63. Give r(28).
-7
Let g(p) = p**3 + p**2 - 2*p + 67. Determine g(0).
67
Let t(l) = -l**3 + 4*l**2 + 1. Calculate t(4).
1
Let v(f) = -7*f - 3. Calculate v(-1).
4
Let c(n) = -n**3 - 5*n**2 - 3*n + 4. Calculate c(-3).
-5
Let j(q) = q**2 + q + 34. Calculate j(7).
90
Let s(m) = 15*m + 13. Determine s(-2).
-17
Let a(i) = i**2 - 9*i + 3. Calculate a(7).
-11
Let v(y) = -9*y - 14. Determine v(-2).
4
Let t(p) = p**3 + 4*p**2 - 10*p - 19. Give t(-5).
6
Let q(p) = p + 8. Determine q(0).
8
Let i(y) = y**3 + 57*y**2 + 52*y - 226. Calculate i(-56).
-2
Let q(j) = -j**3 - 8*j**2 + 7. Calculate q(-8).
7
Let t(j) = j**3 + 6*j**2 - 9*j + 19. Determine t(-8).
-37
Let y(p) = -p**3 - 2*p**2 + 5*p + 4. Calculate y(-3).
-2
Let r(q) = 9*q - 12. Calculate r(11).
87
Let m(s) = -s**2 + 2*s - 6. What is m(4)?
-14
Let w(g) = 68*g + 2. What is w(-1)?
-66
Let t(x) = -x**2 + 2*x. Calculate t(-1).
-3
Let r(y) = y**2 + 32*y - 235. Give r(6).
-7
Let f(d) = -d**3 - 17*d**2 + 24*d + 105. Give f(-18).
-3
Let o(i) = i**2 + 11*i + 18. Give o(-6).
-12
Let m(p) = 13*p - 9. Calculate m(6).
69
Let w(o) = -o**3 + 2*o**2 - 15*o + 40. Determine w(3).
-14
Let q(o) = -4*o + 39. Calculate q(8).
7
Let y(c) = c**3 - 3*c**2 - 3*c + 3. Determine y(4).
7
Let d(n) = 4*n + 23. Determine d(-6).
-1
Let t(d) = d**2 + 14*d + 29. What is t(-10)?
-11
Let a(i) = -i**3 + 5*i**2 + 3*i + 7. What is a(6)?
-11
Let z(j) = -j**3 - 5*j**2 - j - 10. Determine z(-5).
-5
Let i(h) = -h**3 - 5*h**2 + 4*h - 5. What is i(-6)?
7
Let j(s) = -s**3 + 11*s**2 - 16*s - 8. Give j(9).
10
Let l(c) = -c**3 - 7*c**2 + 22*c - 4. Give l(-9).
-40
Let z(f) = -5*f - 45. Determine z(-10).
5
Let u(n) = -n**3 - 8*n**2 - 4*n - 34. Give u(-8).
-2
Let t(y) = -y**3 + 4*y**2 - 2*y. Determine t(4).
-8
Let q(u) = u**2 - 28*u + 31. Determine q(27).
4
Let z(m) = 6*m**3 - m**2 + 3*m - 2. Determine z(1).
6
Let v(j) = 2*j**2 - 6*j + 2. What is v(3)?
2
Let o(g) = 3*g + 39. Calculate o(-12).
3
Let r(l) = -l**3 + 7*l**2 - 7*l - 3. Determine r(6).
-9
Let i(c) = c**2 - 7*c + 2. Give i(4).
-10
Let q(g) = g**3 + 17*g**2 + 18*g - 18. Give q(-16).
-50
Let s(f) = -f**2 - f - 41. Determine s(0).
-41
Let l(i) = -i**3 - 11*i**2 - 17*i - 8. Calculate l(-9).
-17
Let v(s) = s**2 + 8*s - 12. Determine v(-10).
8
Let s(i) = -i - 15. Calculate s(-24).
9
Let m(s) = -2*s - 5. Determine m(-3).
1
Let v(j) = -j**2 - 8*j. Calculate v(-4).
16
Let i(c) = 30*c**3 + c. Calculate i(-1).
-31
Let g(b) = -3*b - 2. What is g(2)?
-8
Let f(x) = x**2 - 6*x - 14. What is f(-2)?
2
Let n(h) = h**2 - 59*h - 62. Give n(60).
-2
Let k(x) = x**2 + 11*x + 22. Give k(-8).
-2
Let f(c) = -c + 10. Give f(4).
6
Let c(p) = -47*p**2 + 235*p - 2. Give c(5).
-2
Let n(f) = 83*f + 328. Give n(-4).
-4
Let a(q) = 10*q**2 - q - 1. Determine a(-1).
10
Let r(m) = m**3 + m + 6. Calculate r(0).
6
Let l(b) = 109*b. Determine l(1).
109
Let o(k) = 6*k + 2. Give o(-5).
-28
Let d(b) = -3*b**2 - 12*b - 32. What is d(-3)?
-23
Let j(a) = a**2 - 8*a + 14. Determine j(2).
2
Let x(s) = -144*s - 1014. Calculate x(-7).
-6
Let f(j) = -4*j**2 + 25*j + 15. What is f(7)?
-6
Let v(n) = n**2 + 5*n + 4. Calculate v(-2).
-2
Let p(s) = 6*s + 2. What is p(-6)?
-34
Let i(u) = 5*u**2 - 5*u + 6. Determine i(1).
6
Let v(b) = -3*b**2 - 38*b. Give v(-12).
24
Let k(a) = -12*a - 190. What is k(-15)?
-10
Let l(j) = j - 14. Give l(6).
-8
Let m(t) = -t**2 + 2*t + 7. Determine m(2).
7
Let t(n) = 2*n**2 - 3*n + 17. Determine t(-5).
82
Let y(q) = 86*q**2. Determine y(-1).
86
Let g(a) = -a**2 + 13*a - 2. What is g(12)?
10
Let w(s) = -s**2 - 2*s + 27. Give w(0).
27
Let l(j) = -j**3 - j**2 + j + 9. Calculate l(0).
9
Let r(t) = t**3 - 8*t**2 + 9*t - 6. Give r(7).
8
Let p(k) = -2*k - 3. Give p(-9).
15
Let c(q) = -q - 5. Determine c(-4).
-1
Let d(l) = -2*l**2 - 18*l + 8. Calculate d(-6).
44
Let q(j) = 11*j - 159. Determine q(14).
-5
Let k(b) = b**3 - 7*b**2 - 10*b + 18. What is k(8)?
2
Let h(j) = -j**2 + 11*j - 8. What is h(4)?
20
Let y(a) = 5*a + 116. Determine y(-24).
-4
Let m(z) = 4*z + 27. Give m(5).
47
Let x(m) = 4*m + 29. What is x(-6)?
5
Let m(y) = y**2 + 8*y - 14. What is m(-10)?
6
Let c(k) = 2*k**3 + 8*k**2 - 10. Give c(-4).
-10
Let p(z) = -2*z**2 - 9*z + 9. What is p(5)?
-86
Let k(i) = i**3 + 8*i**2 - i + 9. C